. Suppose -h*s + 0*z = 2*z - 62, 30 = s + 2*z. List the prime factors of s.
2
Let o(t) be the second derivative of t**3/3 + 3*t**2 + t. Let c be o(-6). List the prime factors of -24*(2 - (-15)/c).
2, 3
Let d = 4 - 4. Suppose 2*k + d - 4 = 0. Suppose 2*i = -5*v + 4, -k*v + 3*v + 23 = 3*i. What are the prime factors of i?
7
Let j = -6 + 9. Let w be j/12 - 30/(-8). Suppose 0 = v + 3*r - 7, -28 = -w*v + 6*r - r. What are the prime factors of v?
7
Let t be (-4 - -5)*(1 + 38). Suppose 3*l + 0*l = t. List the prime factors of l.
13
Suppose -2*h + 2*f = -194, 4*f - 3*f - 311 = -3*h. List the prime factors of h.
2, 3, 17
List the prime factors of (-1892)/(-10) - (-4)/5.
2, 5, 19
Suppose 367 = 4*a + 131. List the prime factors of a.
59
Let j = 0 + 0. Suppose -9 = -5*a + 4*y, 0 = a - j*a - 3*y + 7. Suppose -w = 3*f - 0*w - 30, 61 = a*f - 2*w. List the prime factors of f.
11
Suppose 5*i - 18 - 2 = 0. Let t = -1 + i. List the prime factors of t.
3
Let d(a) = 3*a**3 + 21*a**2 - 16*a - 11. Let j(q) = -q**3 - 7*q**2 + 5*q + 4. Let f(w) = 4*d(w) + 11*j(w). What are the prime factors of f(-8)?
2
Suppose -4*r + 858 = 3*i + 182, 0 = -i - 2*r + 224. List the prime factors of i.
2, 3, 19
List the prime factors of (2/(-3))/(3/(-99)).
2, 11
Suppose f - 27 = m, 4*m = -0*f + 3*f - 82. What are the prime factors of f?
2, 13
Suppose 0*n = 7*n - 595. What are the prime factors of n?
5, 17
Suppose 0 = -3*w + 8*w - 240. Let q = w + 5. List the prime factors of q.
53
Let j = 81 - 47. What are the prime factors of j?
2, 17
Suppose -345 = -5*r - 2*g, 2*r + 69 = 3*r - 2*g. List the prime factors of r.
3, 23
Suppose 15 = -4*a - 5. Let d = a - -27. What are the prime factors of d?
2, 11
Suppose 2*b + 0*b - 242 = 2*n, 0 = -5*b + 4*n + 607. Suppose b = x + 2*x. List the prime factors of x.
41
Let v = 1 + -5. Let n be 1/((-1)/v + 0). Suppose 0 = 5*z + n*u - 8, 3*z + u - 2*u = 15. What are the prime factors of z?
2
Suppose -10 = 2*m, 6*m - 130 = -5*s + 2*m. Suppose 0 = 5*j + 5*p - s, 5*j - 3*p = 7 + 31. What are the prime factors of j?
7
Suppose 3*u + 4*n = 67, n = -u + 20 + 4. List the prime factors of u.
29
Suppose 4*n - i - 392 - 155 = 0, 2*i - 538 = -4*n. What are the prime factors of n?
2, 17
Let p(y) = y**3 + 5*y**2 + 4*y + 10. Let g be p(-7). What are the prime factors of g/(-12) + 6/(-9)?
3
Suppose 9 = 3*p - 3*i, 10 = -3*p - 4*i + 26. Suppose -f - p*q = -4*f + 20, -14 = -2*f + 3*q. List the prime factors of f.
2
Suppose 5*d - 35 = -10. Suppose 3*a = 4*a - d. List the prime factors of a.
5
Suppose 2*z = 8*z - 186. List the prime factors of z.
31
Let g = 22 - -111. What are the prime factors of g?
7, 19
Let x(d) = d - 4. Let a be x(-3). Suppose 5*g - 20 = 2*t, 5*g - 2*g - 12 = 4*t. Let o = t - a. List the prime factors of o.
7
Let u(m) = -6*m. Suppose 2*w - 6 = 2*f, 2*w = -2*w - 5*f - 24. Let o be u(w). Suppose o*z - 24 = 3*z. What are the prime factors of z?
2
Let j(c) = -c**3 + 3*c**2 + 11*c - 4. Let f(h) = -h**3 + 3*h**2 + 12*h - 4. Let x(z) = 3*f(z) - 4*j(z). List the prime factors of x(5).
2, 7
Let v(n) = 12*n + 1. Let m(r) = -3*r - 3. Let z(a) = 5*a + 6. Let j(d) = -7*m(d) - 4*z(d). Let f be j(4). List the prime factors of v(f).
13
Let y be (-13)/(-1) + 4/2. Suppose -3*t - z = t - 5, y = 3*t - 3*z. Let d = 2 + t. List the prime factors of d.
2
Let q = 2 + -1. Let g be (q - 2) + 0/(-1). List the prime factors of (g - -10) + 2 + -2.
3
Let p = 3 + 2. List the prime factors of p.
5
Let d(y) = 6*y**2 + 7*y. List the prime factors of d(-3).
3, 11
Suppose -90 = -3*u - 3*j, -3 + 7 = -2*j. Suppose 0 = 3*o + 4*a + 4 - 0, 4*a + u = 4*o. What are the prime factors of o?
2
Let s = -23 - -7. What are the prime factors of (31/(-4))/(4/s)?
31
Let j(r) = -r. Let m(p) = -2*p - 1. Let g = 24 - 34. Let a(n) = g*j(n) + 6*m(n). List the prime factors of a(-4).
2
Suppose -z + 4*z + 2*m - 14 = 0, -4*z + 16 = 4*m. Let y = z + -3. What are the prime factors of y?
3
Suppose -3*g - 6 + 42 = 0. Let o = -7 - -16. What are the prime factors of 81/g*24/o?
2, 3
Let x be 0 + (-3 - (-21)/3). Let u = x - 3. List the prime factors of (u/(-2))/(2/(-12)).
3
Let q(y) = 2*y**2 - 12*y + 10. What are the prime factors of q(11)?
2, 3, 5
Let o be (-8)/12*-3 - -34. List the prime factors of 8/o - 241/(-9).
3
List the prime factors of 39 + (-4)/2 + 2.
3, 13
What are the prime factors of (-1)/(-7) - 876/(-42)?
3, 7
Suppose 4*z + 0*z - 20 = 0. Suppose 2*y + 16 = 4*w - 2*y, -29 = -z*w - 4*y. What are the prime factors of w?
5
Let s(v) = 16*v**3 - v. Let n be 10/35*(-21)/(-6). What are the prime factors of s(n)?
3, 5
Suppose -877 = -6*w - 205. What are the prime factors of w?
2, 7
Suppose 36 = 5*p - p + f, 5*p - 45 = -f. Suppose -51 - p = -5*n. What are the prime factors of n?
2, 3
Let w(k) = k**2 - 3*k - 3. Let l be w(4). Let g be l/1 - (-3 - -1). Suppose -g*v - 2*v + 20 = 0. List the prime factors of v.
2
Suppose i = 2*k - i - 202, 3*i = -15. What are the prime factors of k?
2, 3
Let o(f) = f**2 + 5*f - 8. Let n be o(-6). Let d = -9 + 15. List the prime factors of (n/d)/(3/(-81)).
3
Let i(n) = 39*n + 3. Let f = -3 - -4. What are the prime factors of i(f)?
2, 3, 7
Suppose f + 5*l - 248 = 0, -2*l + 3 = 7. List the prime factors of f.
2, 3, 43
Suppose 4*n - 3*n + 4*z + 25 = 0, -3*n - 2*z - 35 = 0. Let i = 22 - n. What are the prime factors of i?
31
Let q = 201 + -132. What are the prime factors of q?
3, 23
Suppose -5*k + 90 = -5*o, -k + 88 = -5*o + 2*k. Let a = o - -33. List the prime factors of -1 + a + -3 + 4.
2
Let p = 5 - -1. Suppose -p*u + u = -45. List the prime factors of u.
3
Let p = 355 + -249. List the prime factors of p.
2, 53
Suppose -4*o + 200 = -40. List the prime factors of o.
2, 3, 5
Let k be 3/((-9)/(-6)) - -9. Suppose 4*b - k = -y + 1, -9 = -3*b - 2*y. What are the prime factors of b?
3
Let y(a) = a + 30. What are the prime factors of y(-9)?
3, 7
Let o(x) = -x**2 - 11*x - 20. Let s be o(-9). Let l(v) = 0*v - v - 3*v**3 - 4*v**2 + 2 + 0*v**3. What are the prime factors of l(s)?
2, 3
Let v(i) = i**3 + 6*i**2 + 4*i + 7. Let w be 2/(-4)*2*5. What are the prime factors of v(w)?
2, 3
Let r be 26/4 - 1/2. Suppose 4*k = 5*x + 68, -3*k - 3*x + 30 = r. List the prime factors of k.
2, 3
Let v = 11 + -8. Suppose 67 + 2 = v*k. What are the prime factors of k?
23
Let g(j) = 13*j**2 - 4*j + 2. Let q be g(2). Let f = -32 + q. List the prime factors of f.
2, 7
Suppose 3*j - 2*j = 0. Suppose h + j*h = 2. List the prime factors of (-1*5 - h)*-1.
7
Let n(d) = -d**2 - d - 1. Let h(l) = -l**3 + l**2 - 12*l - 12. Let s(b) = h(b) - 6*n(b). Let r be s(6). List the prime factors of r/(6/(-2))*5.
2, 5
Let t = 630 + -318. List the prime factors of t.
2, 3, 13
Let z(m) = m**2 + 11*m - 10. Let d(a) = -4*a**2 - a + 2. Let v be d(-2). List the prime factors of z(v).
2
Suppose 0 = 5*r + 3*l - 149, -2*l + 95 = 3*r - 3*l. What are the prime factors of r?
31
Suppose 2*d - 2*s + 4 = 0, -4 = 4*d - 4*s - s. Let u(h) = -h - 2*h**2 - h**3 - 7*h - 5*h**2 - 3. List the prime factors of u(d).
3
Let y(g) = -g**3 - 8*g**2 - 2*g - 1. List the prime factors of y(-8).
3, 5
What are the prime factors of 516/8 - (-4)/8?
5, 13
Let q = 5 - -4. Let a(k) = k - 6. What are the prime factors of a(q)?
3
Let w(g) = 35*g - 16. What are the prime factors of w(6)?
2, 97
Let u be 1 - (-1 - -30)/(-1). Let a = -21 + u. List the prime factors of a.
3
Let u be (-1)/(-2)*-2 - -40. Suppose -x + 4*x = u. List the prime factors of x.
13
Suppose -3*d - 91 = -6*d + u, 5*d - 2*u = 150. List the prime factors of d.
2
Suppose -5*o = 3*u - 2*u - 265, o - 64 = 2*u. What are the prime factors of o?
2, 3
Suppose u + 2*x + 25 = 92, -x = u - 63. What are the prime factors of u?
59
Let r be (-1 - 9)*(-1)/2. Let q be (8 + -4)/4 + 28. Suppose -r*p - q = -2*d, d + 0*p = -3*p + 9. List the prime factors of d.
2, 3
Let k be 3/(-6)*8*-1. What are the prime factors of (-29 - k)*2/(-6)?
11
Let u be 0*3/(-6)*2. Suppose -4*r + u + 12 = 0. What are the prime factors of r?
3
Let o(j) = -12*j + 3. Let h be o(2). Let w = 38 + h. What are the prime factors of 1/(-3)*-3*w?
17
Let p be 18/(-12)*316/(-6). Suppose 0 = -d + 5, d - 2*d - p = -4*u. What are the prime factors of u?
3, 7
Let m = -45 + 83. List the prime factors of m.
2, 19
Suppose 0 = 4*x - 36 - 4. What are the prime factors of x?
2, 5
Le